0?
28
What is the remainder when 277 is divided by 10?
7
Calculate the remainder when 2099 is divided by 2.
1
Calculate the remainder when 982 is divided by 89.
3
What is the remainder when 46 is divided by 29?
17
What is the remainder when 41 is divided by 16?
9
What is the remainder when 718 is divided by 36?
34
What is the remainder when 182 is divided by 19?
11
What is the remainder when 829 is divided by 10?
9
What is the remainder when 145 is divided by 26?
15
Calculate the remainder when 1140 is divided by 117.
87
Calculate the remainder when 263 is divided by 123.
17
Calculate the remainder when 62 is divided by 24.
14
Calculate the remainder when 242 is divided by 41.
37
What is the remainder when 156 is divided by 40?
36
What is the remainder when 56 is divided by 27?
2
What is the remainder when 506 is divided by 15?
11
What is the remainder when 47157 is divided by 146?
145
Calculate the remainder when 671 is divided by 4.
3
What is the remainder when 475 is divided by 8?
3
Calculate the remainder when 12972 is divided by 25.
22
What is the remainder when 3365 is divided by 20?
5
What is the remainder when 50 is divided by 22?
6
What is the remainder when 147 is divided by 9?
3
Calculate the remainder when 104 is divided by 21.
20
Calculate the remainder when 5410 is divided by 50.
10
Calculate the remainder when 9178 is divided by 3059.
1
Calculate the remainder when 1387 is divided by 78.
61
What is the remainder when 8370 is divided by 92?
90
Calculate the remainder when 133 is divided by 41.
10
Calculate the remainder when 523 is divided by 22.
17
What is the remainder when 1853 is divided by 363?
38
What is the remainder when 122 is divided by 33?
23
Calculate the remainder when 141 is divided by 13.
11
What is the remainder when 1324 is divided by 13?
11
What is the remainder when 30 is divided by 9?
3
What is the remainder when 59 is divided by 12?
11
What is the remainder when 353 is divided by 77?
45
Calculate the remainder when 250 is divided by 62.
2
What is the remainder when 793 is divided by 114?
109
What is the remainder when 169 is divided by 166?
3
What is the remainder when 167 is divided by 59?
49
What is the remainder when 1251 is divided by 33?
30
What is the remainder when 4980 is divided by 86?
78
Calculate the remainder when 306 is divided by 77.
75
What is the remainder when 31340 is divided by 24?
20
What is the remainder when 3242 is divided by 14?
8
Calculate the remainder when 604 is divided by 127.
96
Calculate the remainder when 1209 is divided by 364.
117
Calculate the remainder when 1292 is divided by 4.
0
Calculate the remainder when 55 is divided by 54.
1
Calculate the remainder when 109 is divided by 67.
42
What is the remainder when 3247 is divided by 19?
17
Calculate the remainder when 362 is divided by 132.
98
Calculate the remainder when 317 is divided by 29.
27
What is the remainder when 881 is divided by 14?
13
What is the remainder when 71 is divided by 16?
7
Calculate the remainder when 497 is divided by 132.
101
Calculate the remainder when 543 is divided by 169.
36
What is the remainder when 1421 is divided by 31?
26
Calculate the remainder when 279 is divided by 7.
6
What is the remainder when 343 is divided by 58?
53
Calculate the remainder when 423 is divided by 135.
18
What is the remainder when 448 is divided by 14?
0
Calculate the remainder when 5608 is divided by 55.
53
What is the remainder when 34 is divided by 21?
13
Calculate the remainder when 835 is divided by 203.
23
Calculate the remainder when 240 is divided by 64.
48
What is the remainder when 21939 is divided by 20?
19
Calculate the remainder when 469 is divided by 60.
49
What is the remainder when 241 is divided by 104?
33
What is the remainder when 44 is divided by 27?
17
Calculate the remainder when 126 is divided by 43.
40
What is the remainder when 809 is divided by 60?
29
What is the remainder when 1302 is divided by 5?
2
What is the remainder when 292 is divided by 21?
19
What is the remainder when 1835 is divided by 109?
91
What is the remainder when 457 is divided by 20?
17
Calculate the remainder when 254 is divided by 52.
46
What is the remainder when 33 is divided by 21?
12
What is the remainder when 272 is divided by 43?
14
What is the remainder when 1424 is divided by 28?
24
Calculate the remainder when 410 is divided by 59.
56
What is the remainder when 636 is divided by 29?
27
What is the remainder when 1175 is divided by 31?
28
Calculate the remainder when 2600 is divided by 93.
89
Calculate the remainder when 1223 is divided by 34.
33
What is the remainder when 112 is divided by 51?
10
Calculate the remainder when 154 is divided by 75.
4
Calculate the remainder when 1044 is divided by 217.
176
Calculate the remainder when 1492 is divided by 746.
0
What is the remainder when 1325 is divided by 61?
44
Calculate the remainder when 476 is divided by 9.
8
Calculate the remainder when 114 is divided by 42.
30
What is the remainder when 4617 is divided by 110?
107
What is the remainder when 574 is divided by 80?
14
What is the remainder when 747 is divided by 17?
16
What is the remainder when 491 is divided by 51?
32
Calculate the remainder when 4513 is divided by 215.
213
What is the remainder when 111 is divided by 27?
3
What is the remainder when 1839 is divided by 612?
3
Calculate the remainder when 2599 is divided by 12.
7
What is the remainder when 171 is divided by 32?
11
Calculate the remainder when 132 is divided by 23.
17
Calculate the remainder when 4179 is divided by 17.
14
Calculate the remainder when 520 is divided by 89.
75
What is the remainder when 3689 is divided by 123?
122
Calculate the remainder when 59 is divided by 35.
24
What is the remainder when 2910 is divided by 71?
70
What is the remainder when 88 is divided by 6?
4
Calculate the remainder when 123 is divided by 18.
15
What is the remainder when 54 is divided by 21?
12
What is the remainder when 36 is divided by 1?
0
What is the remainder when 577 is divided by 13?
5
What is the remainder when 2922 is divided by 127?
1
Calculate the remainder when 224 is divided by 35.
14
Calculate the remainder when 300 is divided by 66.
36
What is the remainder when 517 is divided by 101?
12
What is the remainder when 127 is divided by 37?
16
Calculate the remainder when 3155 is divided by 28.
19
What is the remainder when 21 is divided by 4?
1
Calculate the remainder when 1950 is divided by 38.
12
What is the remainder when 314 is divided by 63?
62
Calculate the remainder when 519 is divided by 35.
29
What is the remainder when 461 is divided by 5?
1
Calculate the remainder when 5506 is divided by 95.
91
What is the remainder when 113 is divided by 18?
5
Calculate the remainder when 188 is divided by 95.
93
What is the remainder when 1100 is divided by 46?
42
Calculate the remainder when 77 is divided by 12.
5
Calculate the remainder when 293 is divided by 97.
2
Calculate the remainder when 85 is divided by 1.
0
Calculate the remainder when 775 is divided by 68.
27
Calculate the remainder when 49 is divided by 26.
23
What is the remainder when 282 is divided by 62?
34
Calculate the remainder when 459 is divided by 276.
183
Calculate the remainder when 366 is divided by 53.
48
Calculate the remainder when 417 is divided by 70.
67
Calculate the remainder when 586 is divided by 49.
47
What is the remainder when 95 is divided by 82?
13
Calculate the remainder when 47 is divided by 45.
2
Calculate the remainder when 182 is divided by 44.
6
Calculate the remainder when 300 is divided by 145.
10
What is the remainder when 206 is divided by 9?
8
Calculate the remainder when 63 is divided by 22.
19
What is the remainder when 164 is divided by 6?
2
What is the remainder when 130 is divided by 74?
56
What is the remainder when 62 is divided by 7?
6
Calculate the remainder when 437 is divided by 44.
41
What is the remainder when 1718 is divided by 422?
30
Calculate the remainder when 75 is divided by 26.
23
Calculate the remainder when 921 is divided by 60.
21
What is the remainder when 96 is divided by 31?
3
Calculate the remainder when 357 is divided by 24.
21
What is the remainder when 1033 is divided by 23?
21
Calculate the remainder when 74 is d